{"id":54,"date":"2020-05-14T15:57:33","date_gmt":"2020-05-14T15:57:33","guid":{"rendered":"http:\/\/moonmaster.fi\/moonmaster\/?page_id=54"},"modified":"2026-02-05T07:32:20","modified_gmt":"2026-02-05T07:32:20","slug":"yhteystiedot","status":"publish","type":"page","link":"https:\/\/moonmaster.fi\/moonmaster\/yhteystiedot\/","title":{"rendered":"Yhteystiedot"},"content":{"rendered":"<p><strong>Kuu-Is\u00e4nt\u00e4 Oy\u00a0<\/strong><\/p>\n<p>Y-tunnus 1933247-8<\/p>\n<p>Koutamaantie 4A LEVI<\/p>\n<p><strong>postiosoite<\/strong>: PL 11 99131 Sirkka<\/p>\n<h4><strong>Laskutusosoite:<\/strong><\/h4>\n<p>verkkolasku \u00a0FI6510823000200249 \/v\u00e4litt\u00e4j\u00e4 NDEAFIHH<\/p>\n<p>vaihtoehtoisesti s\u00e4hk\u00f6postilasku (ei paperilaskuja !)<\/p>\n<p><strong>e-mail <a href=\"mailto:kuu.isanta@levi.fi\">kuu.isanta@levi.fi<\/a><\/strong><\/p>\n<p>Whatsapp (ei puhelinp\u00e4ivystyst\u00e4) +35840 8429737<\/p>\n","protected":false},"excerpt":{"rendered":"<p>Kuu-Is\u00e4nt\u00e4 Oy\u00a0 Y-tunnus 1933247-8 Koutamaantie 4A LEVI postiosoite: PL 11 99131 Sirkka Laskutusosoite: verkkolasku \u00a0FI6510823000200249 \/v\u00e4litt\u00e4j\u00e4 NDEAFIHH vaihtoehtoisesti s\u00e4hk\u00f6postilasku (ei paperilaskuja !) e-mail kuu.isanta@levi.fi Whatsapp (ei puhelinp\u00e4ivystyst\u00e4) +35840 8429737<\/p>\n","protected":false},"author":1,"featured_media":0,"parent":0,"menu_order":0,"comment_status":"closed","ping_status":"closed","template":"","meta":[],"yoast_head":"<!-- This site is optimized with the Yoast SEO plugin v18.4.1 - https:\/\/yoast.com\/wordpress\/plugins\/seo\/ -->\n<title>Yhteystiedot - Moonmaster<\/title>\n<meta name=\"robots\" content=\"index, follow, max-snippet:-1, max-image-preview:large, max-video-preview:-1\" \/>\n<link rel=\"canonical\" href=\"https:\/\/moonmaster.fi\/moonmaster\/yhteystiedot\/\" \/>\n<meta property=\"og:locale\" content=\"fi_FI\" \/>\n<meta property=\"og:type\" content=\"article\" \/>\n<meta property=\"og:title\" content=\"Yhteystiedot - Moonmaster\" \/>\n<meta property=\"og:description\" content=\"Kuu-Is\u00e4nt\u00e4 Oy\u00a0 Y-tunnus 1933247-8 Koutamaantie 4A LEVI postiosoite: PL 11 99131 Sirkka Laskutusosoite: verkkolasku \u00a0FI6510823000200249 \/v\u00e4litt\u00e4j\u00e4 NDEAFIHH vaihtoehtoisesti s\u00e4hk\u00f6postilasku (ei paperilaskuja !) e-mail kuu.isanta@levi.fi Whatsapp (ei puhelinp\u00e4ivystyst\u00e4) +35840 8429737\" \/>\n<meta property=\"og:url\" content=\"https:\/\/moonmaster.fi\/moonmaster\/yhteystiedot\/\" \/>\n<meta property=\"og:site_name\" content=\"Moonmaster\" \/>\n<meta property=\"article:modified_time\" content=\"2026-02-05T07:32:20+00:00\" \/>\n<meta name=\"twitter:card\" content=\"summary_large_image\" \/>\n<script type=\"application\/ld+json\" class=\"yoast-schema-graph\">{\"@context\":\"https:\/\/schema.org\",\"@graph\":[{\"@type\":\"WebSite\",\"@id\":\"https:\/\/moonmaster.fi\/moonmaster\/#website\",\"url\":\"https:\/\/moonmaster.fi\/moonmaster\/\",\"name\":\"Moonmaster\",\"description\":\"Is&auml;nn&ouml;intitoimintaa ja majoitusta Levill&auml;\",\"potentialAction\":[{\"@type\":\"SearchAction\",\"target\":{\"@type\":\"EntryPoint\",\"urlTemplate\":\"https:\/\/moonmaster.fi\/moonmaster\/?s={search_term_string}\"},\"query-input\":\"required name=search_term_string\"}],\"inLanguage\":\"fi\"},{\"@type\":\"WebPage\",\"@id\":\"https:\/\/moonmaster.fi\/moonmaster\/yhteystiedot\/#webpage\",\"url\":\"https:\/\/moonmaster.fi\/moonmaster\/yhteystiedot\/\",\"name\":\"Yhteystiedot - Moonmaster\",\"isPartOf\":{\"@id\":\"https:\/\/moonmaster.fi\/moonmaster\/#website\"},\"datePublished\":\"2020-05-14T15:57:33+00:00\",\"dateModified\":\"2026-02-05T07:32:20+00:00\",\"breadcrumb\":{\"@id\":\"https:\/\/moonmaster.fi\/moonmaster\/yhteystiedot\/#breadcrumb\"},\"inLanguage\":\"fi\",\"potentialAction\":[{\"@type\":\"ReadAction\",\"target\":[\"https:\/\/moonmaster.fi\/moonmaster\/yhteystiedot\/\"]}]},{\"@type\":\"BreadcrumbList\",\"@id\":\"https:\/\/moonmaster.fi\/moonmaster\/yhteystiedot\/#breadcrumb\",\"itemListElement\":[{\"@type\":\"ListItem\",\"position\":1,\"name\":\"Home\",\"item\":\"https:\/\/moonmaster.fi\/moonmaster\/\"},{\"@type\":\"ListItem\",\"position\":2,\"name\":\"Yhteystiedot\"}]}]}<\/script>\n<!-- \/ Yoast SEO plugin. -->","yoast_head_json":{"title":"Yhteystiedot - Moonmaster","robots":{"index":"index","follow":"follow","max-snippet":"max-snippet:-1","max-image-preview":"max-image-preview:large","max-video-preview":"max-video-preview:-1"},"canonical":"https:\/\/moonmaster.fi\/moonmaster\/yhteystiedot\/","og_locale":"fi_FI","og_type":"article","og_title":"Yhteystiedot - Moonmaster","og_description":"Kuu-Is\u00e4nt\u00e4 Oy\u00a0 Y-tunnus 1933247-8 Koutamaantie 4A LEVI postiosoite: PL 11 99131 Sirkka Laskutusosoite: verkkolasku \u00a0FI6510823000200249 \/v\u00e4litt\u00e4j\u00e4 NDEAFIHH vaihtoehtoisesti s\u00e4hk\u00f6postilasku (ei paperilaskuja !) e-mail kuu.isanta@levi.fi Whatsapp (ei puhelinp\u00e4ivystyst\u00e4) +35840 8429737","og_url":"https:\/\/moonmaster.fi\/moonmaster\/yhteystiedot\/","og_site_name":"Moonmaster","article_modified_time":"2026-02-05T07:32:20+00:00","twitter_card":"summary_large_image","schema":{"@context":"https:\/\/schema.org","@graph":[{"@type":"WebSite","@id":"https:\/\/moonmaster.fi\/moonmaster\/#website","url":"https:\/\/moonmaster.fi\/moonmaster\/","name":"Moonmaster","description":"Is&auml;nn&ouml;intitoimintaa ja majoitusta Levill&auml;","potentialAction":[{"@type":"SearchAction","target":{"@type":"EntryPoint","urlTemplate":"https:\/\/moonmaster.fi\/moonmaster\/?s={search_term_string}"},"query-input":"required name=search_term_string"}],"inLanguage":"fi"},{"@type":"WebPage","@id":"https:\/\/moonmaster.fi\/moonmaster\/yhteystiedot\/#webpage","url":"https:\/\/moonmaster.fi\/moonmaster\/yhteystiedot\/","name":"Yhteystiedot - Moonmaster","isPartOf":{"@id":"https:\/\/moonmaster.fi\/moonmaster\/#website"},"datePublished":"2020-05-14T15:57:33+00:00","dateModified":"2026-02-05T07:32:20+00:00","breadcrumb":{"@id":"https:\/\/moonmaster.fi\/moonmaster\/yhteystiedot\/#breadcrumb"},"inLanguage":"fi","potentialAction":[{"@type":"ReadAction","target":["https:\/\/moonmaster.fi\/moonmaster\/yhteystiedot\/"]}]},{"@type":"BreadcrumbList","@id":"https:\/\/moonmaster.fi\/moonmaster\/yhteystiedot\/#breadcrumb","itemListElement":[{"@type":"ListItem","position":1,"name":"Home","item":"https:\/\/moonmaster.fi\/moonmaster\/"},{"@type":"ListItem","position":2,"name":"Yhteystiedot"}]}]}},"_links":{"self":[{"href":"https:\/\/moonmaster.fi\/moonmaster\/wp-json\/wp\/v2\/pages\/54"}],"collection":[{"href":"https:\/\/moonmaster.fi\/moonmaster\/wp-json\/wp\/v2\/pages"}],"about":[{"href":"https:\/\/moonmaster.fi\/moonmaster\/wp-json\/wp\/v2\/types\/page"}],"author":[{"embeddable":true,"href":"https:\/\/moonmaster.fi\/moonmaster\/wp-json\/wp\/v2\/users\/1"}],"replies":[{"embeddable":true,"href":"https:\/\/moonmaster.fi\/moonmaster\/wp-json\/wp\/v2\/comments?post=54"}],"version-history":[{"count":8,"href":"https:\/\/moonmaster.fi\/moonmaster\/wp-json\/wp\/v2\/pages\/54\/revisions"}],"predecessor-version":[{"id":426,"href":"https:\/\/moonmaster.fi\/moonmaster\/wp-json\/wp\/v2\/pages\/54\/revisions\/426"}],"wp:attachment":[{"href":"https:\/\/moonmaster.fi\/moonmaster\/wp-json\/wp\/v2\/media?parent=54"}],"curies":[{"name":"wp","href":"https:\/\/api.w.org\/{rel}","templated":true}]}}